{"id":2,"date":"2016-02-24T22:01:34","date_gmt":"2016-02-24T21:01:34","guid":{"rendered":"http:\/\/scd.enetco.ch\/?page_id=2"},"modified":"2025-02-08T10:15:12","modified_gmt":"2025-02-08T09:15:12","slug":"beispiel-seite","status":"publish","type":"page","link":"https:\/\/www.schuetzen-duggingen.ch\/","title":{"rendered":"Sch\u00fctzen"},"content":{"rendered":"\n<p><strong>Willkommen bei der 300m Sch\u00fctzengesellschaft  Duggingen<\/strong><\/p>\n\n\n\n<p>Herzlich willkommen bei der 300-Meter-Schuetzengesellschaft [Name]! Wir freuen uns, dich in unserer Gemeinschaft begr\u00fcssen zu d\u00fcrfen.<\/p>\n\n\n\n<p>Unser erstes Training der Saison findet jeweils am <strong>ersten Freitag im April<\/strong> statt. Ab dann treffen wir uns <strong>jeden Freitag von 18:00 bis 20:00 Uhr<\/strong> im <strong>Sch\u00fctzenh\u00e4uschen<\/strong>, um gemeinsam zu trainieren, unsere Technik zu verbessern und die Freude am Schiesssport zu teilen.<\/p>\n\n\n\n<p>Nach dem Training laden wir alle Sch\u00fctzinnen und Sch\u00fctzen zu einem gem\u00fctlichen Beisammensein ein \u2013 eine perfekte Gelegenheit, sich auszutauschen und die Kameradschaft zu pflegen.<\/p>\n\n\n\n<p>Ob Anf\u00e4nger oder erfahrener Sch\u00fctze \u2013 bei uns ist jeder willkommen! Schau vorbei und werde Teil unserer Schuetzengesellschaft.<\/p>\n\n\n\n<p>\ud83d\udcc5 <strong>Jahresprogramm<\/strong><br>Damit du keinen Termin verpasst, findest du unser aktuelles Jahresprogramm hier: <a href=\"https:\/\/www.schuetzen-duggingen.ch\/wp-content\/uploads\/2025\/02\/Generalversammlung_2025_Jahresprogramm.pdf\"><strong>Jahresprogramm herunterladen<\/strong><\/a><\/p>\n\n\n\n<p>Neben den regelm\u00e4ssigen Trainings bieten wir auch Wettk\u00e4mpfe, Vereinsanl\u00e4sse und gesellige Events an. Bei uns stehen sowohl sportliche Leistung als auch der gemeinsame Austausch im Mittelpunkt.<\/p>\n\n\n\n<p>Wir freuen uns auf viele spannende Trainings und gesellige Stunden mit euch!<\/p>\n\n\n\n<p><strong>Schuetzengesellschaft Duggingen<\/strong><\/p>\n","protected":false},"excerpt":{"rendered":"<p>Willkommen bei der 300m Sch\u00fctzengesellschaft Duggingen Herzlich willkommen bei der 300-Meter-Schuetzengesellschaft [Name]! Wir freuen uns, dich in unserer Gemeinschaft begr\u00fcssen zu d\u00fcrfen. Unser erstes Training der Saison findet jeweils am ersten Freitag im April statt. Ab dann treffen wir uns <span class=\"excerpt-dots\">&hellip;<\/span> <a class=\"more-link\" href=\"https:\/\/www.schuetzen-duggingen.ch\/\"><span class=\"more-msg\">Continue reading &rarr;<\/span><\/a><\/p>\n","protected":false},"author":1,"featured_media":0,"parent":0,"menu_order":0,"comment_status":"closed","ping_status":"open","template":"","meta":{"footnotes":""},"class_list":["post-2","page","type-page","status-publish","hentry"],"yoast_head":"<!-- This site is optimized with the Yoast SEO plugin v27.4 - https:\/\/yoast.com\/product\/yoast-seo-wordpress\/ -->\n<title>Sch\u00fctzen - Sch\u00fctzengesellschaft Duggingen<\/title>\n<meta name=\"robots\" content=\"index, follow, max-snippet:-1, max-image-preview:large, max-video-preview:-1\" \/>\n<link rel=\"canonical\" href=\"https:\/\/www.schuetzen-duggingen.ch\/\" \/>\n<meta property=\"og:locale\" content=\"de_DE\" \/>\n<meta property=\"og:type\" content=\"article\" \/>\n<meta property=\"og:title\" content=\"Sch\u00fctzen - Sch\u00fctzengesellschaft Duggingen\" \/>\n<meta property=\"og:description\" content=\"Willkommen bei der 300m Sch\u00fctzengesellschaft Duggingen Herzlich willkommen bei der 300-Meter-Schuetzengesellschaft [Name]! Wir freuen uns, dich in unserer Gemeinschaft begr\u00fcssen zu d\u00fcrfen. Unser erstes Training der Saison findet jeweils am ersten Freitag im April statt. Ab dann treffen wir uns &hellip; Continue reading &rarr;\" \/>\n<meta property=\"og:url\" content=\"https:\/\/www.schuetzen-duggingen.ch\/\" \/>\n<meta property=\"og:site_name\" content=\"Sch\u00fctzengesellschaft Duggingen\" \/>\n<meta property=\"article:modified_time\" content=\"2025-02-08T09:15:12+00:00\" \/>\n<meta name=\"twitter:card\" content=\"summary_large_image\" \/>\n<meta name=\"twitter:label1\" content=\"Gesch\u00e4tzte Lesezeit\" \/>\n\t<meta name=\"twitter:data1\" content=\"1\u00a0Minute\" \/>\n<script type=\"application\/ld+json\" class=\"yoast-schema-graph\">{\"@context\":\"https:\\\/\\\/schema.org\",\"@graph\":[{\"@type\":\"WebPage\",\"@id\":\"https:\\\/\\\/www.schuetzen-duggingen.ch\\\/\",\"url\":\"https:\\\/\\\/www.schuetzen-duggingen.ch\\\/\",\"name\":\"Sch\u00fctzen - Sch\u00fctzengesellschaft Duggingen\",\"isPartOf\":{\"@id\":\"https:\\\/\\\/www.schuetzen-duggingen.ch\\\/#website\"},\"datePublished\":\"2016-02-24T21:01:34+00:00\",\"dateModified\":\"2025-02-08T09:15:12+00:00\",\"breadcrumb\":{\"@id\":\"https:\\\/\\\/www.schuetzen-duggingen.ch\\\/#breadcrumb\"},\"inLanguage\":\"de-CH\",\"potentialAction\":[{\"@type\":\"ReadAction\",\"target\":[\"https:\\\/\\\/www.schuetzen-duggingen.ch\\\/\"]}]},{\"@type\":\"BreadcrumbList\",\"@id\":\"https:\\\/\\\/www.schuetzen-duggingen.ch\\\/#breadcrumb\",\"itemListElement\":[{\"@type\":\"ListItem\",\"position\":1,\"name\":\"Startseite\",\"item\":\"https:\\\/\\\/www.schuetzen-duggingen.ch\\\/\"},{\"@type\":\"ListItem\",\"position\":2,\"name\":\"Sch\u00fctzen\"}]},{\"@type\":\"WebSite\",\"@id\":\"https:\\\/\\\/www.schuetzen-duggingen.ch\\\/#website\",\"url\":\"https:\\\/\\\/www.schuetzen-duggingen.ch\\\/\",\"name\":\"Sch\u00fctzengesellschaft Duggingen\",\"description\":\"\",\"publisher\":{\"@id\":\"https:\\\/\\\/www.schuetzen-duggingen.ch\\\/#organization\"},\"alternateName\":\"Sch\u00fctzengesellschaft Duggingen\",\"potentialAction\":[{\"@type\":\"SearchAction\",\"target\":{\"@type\":\"EntryPoint\",\"urlTemplate\":\"https:\\\/\\\/www.schuetzen-duggingen.ch\\\/?s={search_term_string}\"},\"query-input\":{\"@type\":\"PropertyValueSpecification\",\"valueRequired\":true,\"valueName\":\"search_term_string\"}}],\"inLanguage\":\"de-CH\"},{\"@type\":\"Organization\",\"@id\":\"https:\\\/\\\/www.schuetzen-duggingen.ch\\\/#organization\",\"name\":\"Sch\u00fctzengesellschaft Duggingen\",\"alternateName\":\"SGD\",\"url\":\"https:\\\/\\\/www.schuetzen-duggingen.ch\\\/\",\"logo\":{\"@type\":\"ImageObject\",\"inLanguage\":\"de-CH\",\"@id\":\"https:\\\/\\\/www.schuetzen-duggingen.ch\\\/#\\\/schema\\\/logo\\\/image\\\/\",\"url\":\"https:\\\/\\\/www.schuetzen-duggingen.ch\\\/wp-content\\\/uploads\\\/2016\\\/04\\\/LogoSGD.jpg\",\"contentUrl\":\"https:\\\/\\\/www.schuetzen-duggingen.ch\\\/wp-content\\\/uploads\\\/2016\\\/04\\\/LogoSGD.jpg\",\"width\":259,\"height\":259,\"caption\":\"Sch\u00fctzengesellschaft Duggingen\"},\"image\":{\"@id\":\"https:\\\/\\\/www.schuetzen-duggingen.ch\\\/#\\\/schema\\\/logo\\\/image\\\/\"}}]}<\/script>\n<!-- \/ Yoast SEO plugin. -->","yoast_head_json":{"title":"Sch\u00fctzen - Sch\u00fctzengesellschaft Duggingen","robots":{"index":"index","follow":"follow","max-snippet":"max-snippet:-1","max-image-preview":"max-image-preview:large","max-video-preview":"max-video-preview:-1"},"canonical":"https:\/\/www.schuetzen-duggingen.ch\/","og_locale":"de_DE","og_type":"article","og_title":"Sch\u00fctzen - Sch\u00fctzengesellschaft Duggingen","og_description":"Willkommen bei der 300m Sch\u00fctzengesellschaft Duggingen Herzlich willkommen bei der 300-Meter-Schuetzengesellschaft [Name]! Wir freuen uns, dich in unserer Gemeinschaft begr\u00fcssen zu d\u00fcrfen. Unser erstes Training der Saison findet jeweils am ersten Freitag im April statt. Ab dann treffen wir uns &hellip; Continue reading &rarr;","og_url":"https:\/\/www.schuetzen-duggingen.ch\/","og_site_name":"Sch\u00fctzengesellschaft Duggingen","article_modified_time":"2025-02-08T09:15:12+00:00","twitter_card":"summary_large_image","twitter_misc":{"Gesch\u00e4tzte Lesezeit":"1\u00a0Minute"},"schema":{"@context":"https:\/\/schema.org","@graph":[{"@type":"WebPage","@id":"https:\/\/www.schuetzen-duggingen.ch\/","url":"https:\/\/www.schuetzen-duggingen.ch\/","name":"Sch\u00fctzen - Sch\u00fctzengesellschaft Duggingen","isPartOf":{"@id":"https:\/\/www.schuetzen-duggingen.ch\/#website"},"datePublished":"2016-02-24T21:01:34+00:00","dateModified":"2025-02-08T09:15:12+00:00","breadcrumb":{"@id":"https:\/\/www.schuetzen-duggingen.ch\/#breadcrumb"},"inLanguage":"de-CH","potentialAction":[{"@type":"ReadAction","target":["https:\/\/www.schuetzen-duggingen.ch\/"]}]},{"@type":"BreadcrumbList","@id":"https:\/\/www.schuetzen-duggingen.ch\/#breadcrumb","itemListElement":[{"@type":"ListItem","position":1,"name":"Startseite","item":"https:\/\/www.schuetzen-duggingen.ch\/"},{"@type":"ListItem","position":2,"name":"Sch\u00fctzen"}]},{"@type":"WebSite","@id":"https:\/\/www.schuetzen-duggingen.ch\/#website","url":"https:\/\/www.schuetzen-duggingen.ch\/","name":"Sch\u00fctzengesellschaft Duggingen","description":"","publisher":{"@id":"https:\/\/www.schuetzen-duggingen.ch\/#organization"},"alternateName":"Sch\u00fctzengesellschaft Duggingen","potentialAction":[{"@type":"SearchAction","target":{"@type":"EntryPoint","urlTemplate":"https:\/\/www.schuetzen-duggingen.ch\/?s={search_term_string}"},"query-input":{"@type":"PropertyValueSpecification","valueRequired":true,"valueName":"search_term_string"}}],"inLanguage":"de-CH"},{"@type":"Organization","@id":"https:\/\/www.schuetzen-duggingen.ch\/#organization","name":"Sch\u00fctzengesellschaft Duggingen","alternateName":"SGD","url":"https:\/\/www.schuetzen-duggingen.ch\/","logo":{"@type":"ImageObject","inLanguage":"de-CH","@id":"https:\/\/www.schuetzen-duggingen.ch\/#\/schema\/logo\/image\/","url":"https:\/\/www.schuetzen-duggingen.ch\/wp-content\/uploads\/2016\/04\/LogoSGD.jpg","contentUrl":"https:\/\/www.schuetzen-duggingen.ch\/wp-content\/uploads\/2016\/04\/LogoSGD.jpg","width":259,"height":259,"caption":"Sch\u00fctzengesellschaft Duggingen"},"image":{"@id":"https:\/\/www.schuetzen-duggingen.ch\/#\/schema\/logo\/image\/"}}]}},"_links":{"self":[{"href":"https:\/\/www.schuetzen-duggingen.ch\/index.php\/wp-json\/wp\/v2\/pages\/2","targetHints":{"allow":["GET"]}}],"collection":[{"href":"https:\/\/www.schuetzen-duggingen.ch\/index.php\/wp-json\/wp\/v2\/pages"}],"about":[{"href":"https:\/\/www.schuetzen-duggingen.ch\/index.php\/wp-json\/wp\/v2\/types\/page"}],"author":[{"embeddable":true,"href":"https:\/\/www.schuetzen-duggingen.ch\/index.php\/wp-json\/wp\/v2\/users\/1"}],"replies":[{"embeddable":true,"href":"https:\/\/www.schuetzen-duggingen.ch\/index.php\/wp-json\/wp\/v2\/comments?post=2"}],"version-history":[{"count":27,"href":"https:\/\/www.schuetzen-duggingen.ch\/index.php\/wp-json\/wp\/v2\/pages\/2\/revisions"}],"predecessor-version":[{"id":924,"href":"https:\/\/www.schuetzen-duggingen.ch\/index.php\/wp-json\/wp\/v2\/pages\/2\/revisions\/924"}],"wp:attachment":[{"href":"https:\/\/www.schuetzen-duggingen.ch\/index.php\/wp-json\/wp\/v2\/media?parent=2"}],"curies":[{"name":"wp","href":"https:\/\/api.w.org\/{rel}","templated":true}]}}