{"id":61,"date":"2016-02-26T18:15:52","date_gmt":"2016-02-26T17:15:52","guid":{"rendered":"http:\/\/scd.enetco.ch\/?page_id=61"},"modified":"2022-04-08T12:51:18","modified_gmt":"2022-04-08T10:51:18","slug":"vermietung","status":"publish","type":"page","link":"https:\/\/www.schuetzen-duggingen.ch\/index.php\/vermietung\/","title":{"rendered":"Vermietung"},"content":{"rendered":"\n\t\t<style type=\"text\/css\">\n\t\t\t#gallery-1 {\n\t\t\t\tmargin: auto;\n\t\t\t}\n\t\t\t#gallery-1 .gallery-item {\n\t\t\t\tfloat: left;\n\t\t\t\tmargin-top: 10px;\n\t\t\t\ttext-align: center;\n\t\t\t\twidth: 25%;\n\t\t\t}\n\t\t\t#gallery-1 img {\n\t\t\t\tborder: 2px solid #cfcfcf;\n\t\t\t}\n\t\t\t#gallery-1 .gallery-caption {\n\t\t\t\tmargin-left: 0;\n\t\t\t}\n\t\t\t\/* see gallery_shortcode() in wp-includes\/media.php *\/\n\t\t<\/style>\n\t\t<div id='gallery-1' class='gallery galleryid-61 gallery-columns-4 gallery-size-thumbnail'><dl class='gallery-item'>\n\t\t\t<dt class='gallery-icon landscape'>\n\t\t\t\t<a href='https:\/\/www.schuetzen-duggingen.ch\/wp-content\/uploads\/2016\/02\/P1030539.jpg'><img loading=\"lazy\" decoding=\"async\" width=\"150\" height=\"150\" src=\"https:\/\/www.schuetzen-duggingen.ch\/wp-content\/uploads\/2016\/02\/P1030539-150x150.jpg\" class=\"attachment-thumbnail size-thumbnail\" alt=\"\" \/><\/a>\n\t\t\t<\/dt><\/dl><dl class='gallery-item'>\n\t\t\t<dt class='gallery-icon landscape'>\n\t\t\t\t<a href='https:\/\/www.schuetzen-duggingen.ch\/wp-content\/uploads\/2016\/02\/P1030538.jpg'><img loading=\"lazy\" decoding=\"async\" width=\"150\" height=\"150\" src=\"https:\/\/www.schuetzen-duggingen.ch\/wp-content\/uploads\/2016\/02\/P1030538-150x150.jpg\" class=\"attachment-thumbnail size-thumbnail\" alt=\"\" \/><\/a>\n\t\t\t<\/dt><\/dl><dl class='gallery-item'>\n\t\t\t<dt class='gallery-icon landscape'>\n\t\t\t\t<a href='https:\/\/www.schuetzen-duggingen.ch\/wp-content\/uploads\/2016\/02\/P1030537.jpg'><img loading=\"lazy\" decoding=\"async\" width=\"150\" height=\"150\" src=\"https:\/\/www.schuetzen-duggingen.ch\/wp-content\/uploads\/2016\/02\/P1030537-150x150.jpg\" class=\"attachment-thumbnail size-thumbnail\" alt=\"\" \/><\/a>\n\t\t\t<\/dt><\/dl><dl class='gallery-item'>\n\t\t\t<dt class='gallery-icon landscape'>\n\t\t\t\t<a href='https:\/\/www.schuetzen-duggingen.ch\/wp-content\/uploads\/2016\/02\/P1030525.jpg'><img loading=\"lazy\" decoding=\"async\" width=\"150\" height=\"150\" src=\"https:\/\/www.schuetzen-duggingen.ch\/wp-content\/uploads\/2016\/02\/P1030525-150x150.jpg\" class=\"attachment-thumbnail size-thumbnail\" alt=\"\" \/><\/a>\n\t\t\t<\/dt><\/dl><br style=\"clear: both\" \/><dl class='gallery-item'>\n\t\t\t<dt class='gallery-icon landscape'>\n\t\t\t\t<a href='https:\/\/www.schuetzen-duggingen.ch\/wp-content\/uploads\/2016\/02\/P1030543.jpg'><img loading=\"lazy\" decoding=\"async\" width=\"150\" height=\"150\" src=\"https:\/\/www.schuetzen-duggingen.ch\/wp-content\/uploads\/2016\/02\/P1030543-150x150.jpg\" class=\"attachment-thumbnail size-thumbnail\" alt=\"\" \/><\/a>\n\t\t\t<\/dt><\/dl><dl class='gallery-item'>\n\t\t\t<dt class='gallery-icon landscape'>\n\t\t\t\t<a href='https:\/\/www.schuetzen-duggingen.ch\/wp-content\/uploads\/2016\/02\/P1030542.jpg'><img loading=\"lazy\" decoding=\"async\" width=\"150\" height=\"150\" src=\"https:\/\/www.schuetzen-duggingen.ch\/wp-content\/uploads\/2016\/02\/P1030542-150x150.jpg\" class=\"attachment-thumbnail size-thumbnail\" alt=\"\" \/><\/a>\n\t\t\t<\/dt><\/dl><dl class='gallery-item'>\n\t\t\t<dt class='gallery-icon landscape'>\n\t\t\t\t<a href='https:\/\/www.schuetzen-duggingen.ch\/wp-content\/uploads\/2016\/02\/P1030536.jpg'><img loading=\"lazy\" decoding=\"async\" width=\"150\" height=\"150\" src=\"https:\/\/www.schuetzen-duggingen.ch\/wp-content\/uploads\/2016\/02\/P1030536-150x150.jpg\" class=\"attachment-thumbnail size-thumbnail\" alt=\"\" \/><\/a>\n\t\t\t<\/dt><\/dl><dl class='gallery-item'>\n\t\t\t<dt class='gallery-icon landscape'>\n\t\t\t\t<a href='https:\/\/www.schuetzen-duggingen.ch\/wp-content\/uploads\/2016\/02\/P1030535.jpg'><img loading=\"lazy\" decoding=\"async\" width=\"150\" height=\"150\" src=\"https:\/\/www.schuetzen-duggingen.ch\/wp-content\/uploads\/2016\/02\/P1030535-150x150.jpg\" class=\"attachment-thumbnail size-thumbnail\" alt=\"\" \/><\/a>\n\t\t\t<\/dt><\/dl><br style=\"clear: both\" \/><dl class='gallery-item'>\n\t\t\t<dt class='gallery-icon landscape'>\n\t\t\t\t<a href='https:\/\/www.schuetzen-duggingen.ch\/wp-content\/uploads\/2016\/02\/P1030534.jpg'><img loading=\"lazy\" decoding=\"async\" width=\"150\" height=\"150\" src=\"https:\/\/www.schuetzen-duggingen.ch\/wp-content\/uploads\/2016\/02\/P1030534-150x150.jpg\" class=\"attachment-thumbnail size-thumbnail\" alt=\"\" \/><\/a>\n\t\t\t<\/dt><\/dl><dl class='gallery-item'>\n\t\t\t<dt class='gallery-icon landscape'>\n\t\t\t\t<a href='https:\/\/www.schuetzen-duggingen.ch\/wp-content\/uploads\/2016\/02\/P1030526.jpg'><img loading=\"lazy\" decoding=\"async\" width=\"150\" height=\"150\" src=\"https:\/\/www.schuetzen-duggingen.ch\/wp-content\/uploads\/2016\/02\/P1030526-150x150.jpg\" class=\"attachment-thumbnail size-thumbnail\" alt=\"\" \/><\/a>\n\t\t\t<\/dt><\/dl><dl class='gallery-item'>\n\t\t\t<dt class='gallery-icon landscape'>\n\t\t\t\t<a href='https:\/\/www.schuetzen-duggingen.ch\/wp-content\/uploads\/2016\/02\/P1030527.jpg'><img loading=\"lazy\" decoding=\"async\" width=\"150\" height=\"150\" src=\"https:\/\/www.schuetzen-duggingen.ch\/wp-content\/uploads\/2016\/02\/P1030527-150x150.jpg\" class=\"attachment-thumbnail size-thumbnail\" alt=\"\" \/><\/a>\n\t\t\t<\/dt><\/dl><dl class='gallery-item'>\n\t\t\t<dt class='gallery-icon landscape'>\n\t\t\t\t<a href='https:\/\/www.schuetzen-duggingen.ch\/wp-content\/uploads\/2016\/02\/Karl-60-Geb-018.jpg'><img loading=\"lazy\" decoding=\"async\" width=\"150\" height=\"150\" src=\"https:\/\/www.schuetzen-duggingen.ch\/wp-content\/uploads\/2016\/02\/Karl-60-Geb-018-150x150.jpg\" class=\"attachment-thumbnail size-thumbnail\" alt=\"\" \/><\/a>\n\t\t\t<\/dt><\/dl><br style=\"clear: both\" \/><dl class='gallery-item'>\n\t\t\t<dt class='gallery-icon landscape'>\n\t\t\t\t<a href='https:\/\/www.schuetzen-duggingen.ch\/wp-content\/uploads\/2016\/02\/Karl-60-Geb-028.jpg'><img loading=\"lazy\" decoding=\"async\" width=\"150\" height=\"150\" src=\"https:\/\/www.schuetzen-duggingen.ch\/wp-content\/uploads\/2016\/02\/Karl-60-Geb-028-150x150.jpg\" class=\"attachment-thumbnail size-thumbnail\" alt=\"\" \/><\/a>\n\t\t\t<\/dt><\/dl><dl class='gallery-item'>\n\t\t\t<dt class='gallery-icon landscape'>\n\t\t\t\t<a href='https:\/\/www.schuetzen-duggingen.ch\/wp-content\/uploads\/2016\/02\/Karl-60-Geb-132.jpg'><img loading=\"lazy\" decoding=\"async\" width=\"100\" height=\"75\" src=\"https:\/\/www.schuetzen-duggingen.ch\/wp-content\/uploads\/2016\/02\/Karl-60-Geb-132.jpg\" class=\"attachment-thumbnail size-thumbnail\" alt=\"\" \/><\/a>\n\t\t\t<\/dt><\/dl><dl class='gallery-item'>\n\t\t\t<dt class='gallery-icon landscape'>\n\t\t\t\t<a href='https:\/\/www.schuetzen-duggingen.ch\/wp-content\/uploads\/2016\/02\/Karl-60-Geb-072.jpg'><img loading=\"lazy\" decoding=\"async\" width=\"100\" height=\"75\" src=\"https:\/\/www.schuetzen-duggingen.ch\/wp-content\/uploads\/2016\/02\/Karl-60-Geb-072.jpg\" class=\"attachment-thumbnail size-thumbnail\" alt=\"\" \/><\/a>\n\t\t\t<\/dt><\/dl><dl class='gallery-item'>\n\t\t\t<dt class='gallery-icon landscape'>\n\t\t\t\t<a href='https:\/\/www.schuetzen-duggingen.ch\/wp-content\/uploads\/2016\/02\/P1030529.jpg'><img loading=\"lazy\" decoding=\"async\" width=\"150\" height=\"150\" src=\"https:\/\/www.schuetzen-duggingen.ch\/wp-content\/uploads\/2016\/02\/P1030529-150x150.jpg\" class=\"attachment-thumbnail size-thumbnail\" alt=\"\" \/><\/a>\n\t\t\t<\/dt><\/dl><br style=\"clear: both\" \/><dl class='gallery-item'>\n\t\t\t<dt class='gallery-icon landscape'>\n\t\t\t\t<a href='https:\/\/www.schuetzen-duggingen.ch\/wp-content\/uploads\/2016\/02\/18_01.jpg'><img loading=\"lazy\" decoding=\"async\" width=\"150\" height=\"150\" src=\"https:\/\/www.schuetzen-duggingen.ch\/wp-content\/uploads\/2016\/02\/18_01-150x150.jpg\" class=\"attachment-thumbnail size-thumbnail\" alt=\"\" \/><\/a>\n\t\t\t<\/dt><\/dl><dl class='gallery-item'>\n\t\t\t<dt class='gallery-icon landscape'>\n\t\t\t\t<a href='https:\/\/www.schuetzen-duggingen.ch\/wp-content\/uploads\/2016\/02\/HellSinki.jpg'><img loading=\"lazy\" decoding=\"async\" width=\"150\" height=\"150\" src=\"https:\/\/www.schuetzen-duggingen.ch\/wp-content\/uploads\/2016\/02\/HellSinki-150x150.jpg\" class=\"attachment-thumbnail size-thumbnail\" alt=\"\" \/><\/a>\n\t\t\t<\/dt><\/dl><dl class='gallery-item'>\n\t\t\t<dt class='gallery-icon landscape'>\n\t\t\t\t<a href='https:\/\/www.schuetzen-duggingen.ch\/wp-content\/uploads\/2016\/02\/Kueche2.jpg'><img loading=\"lazy\" decoding=\"async\" width=\"150\" height=\"150\" src=\"https:\/\/www.schuetzen-duggingen.ch\/wp-content\/uploads\/2016\/02\/Kueche2-150x150.jpg\" class=\"attachment-thumbnail size-thumbnail\" alt=\"\" \/><\/a>\n\t\t\t<\/dt><\/dl><dl class='gallery-item'>\n\t\t\t<dt class='gallery-icon landscape'>\n\t\t\t\t<a href='https:\/\/www.schuetzen-duggingen.ch\/wp-content\/uploads\/2016\/02\/RaumLeer.jpg'><img loading=\"lazy\" decoding=\"async\" width=\"150\" height=\"150\" src=\"https:\/\/www.schuetzen-duggingen.ch\/wp-content\/uploads\/2016\/02\/RaumLeer-150x150.jpg\" class=\"attachment-thumbnail size-thumbnail\" alt=\"\" \/><\/a>\n\t\t\t<\/dt><\/dl><br style=\"clear: both\" \/>\n\t\t<\/div>\n\n<h3><span style=\"color: #ff0000;\">Angebot<\/span><\/h3>\n<p>Holz,Geschirr, Strom, K\u00fchlschr\u00e4nke, Backofen, Elektroherd mit 4 Platten, Toiletten-Anlage, Tisch und Bankgarnituren (auch f\u00fcr draussen) sowie Grill (ohne Holzkohle). Beim Sch\u00fctzenhaus sind gen\u00fcgend Parkpl\u00e4tze vorhanden.<\/p>\n<h3><span style=\"color: #ff0000;\"><b>Beschrieb\/ Infrastruktur<\/b><\/span><\/h3>\n<p>Das Sch\u00fctzenhaus Allmend der Sch\u00fctzengesellschaft Duggingen bietet 60 Personen Platz. Strom und WC sind vorhanden. Im Innenraum stehen gen\u00fcgend Tische und St\u00fchle zur Verf\u00fcgung sowie ein Kamin mit Holz.&nbsp;In der gut ausger\u00fcsteten K\u00fcche sind Geschirr, K\u00fchlschr\u00e4nke, Backofen und Elektroherd mit vier Platten vorhanden.<\/p>\n<h3><span style=\"color: #ff0000;\"><b>Lage und Umgebung<\/b><\/span><\/h3>\n<p>Das Sch\u00fctzenhaus liegt mitten in wundersch\u00f6ner Natur, zwischen Feldern und Waldrand. Es sind gen\u00fcgend Parkpl\u00e4tze vorhanden. Tisch- und Bankgarnituren f\u00fcr draussen sowie ein Grilll (ohne Holzkohle) sind vorhanden und d\u00fcrfen von G\u00e4sten benutzt werden.<\/p>\n<h3><span style=\"color: #ff0000;\">Bedingungen<\/span><\/h3>\n<p>Der Sch\u00fctzenhauskeller wird nur f\u00fcr private Anl\u00e4sse vermietet. Es ist nicht gestattet ihn f\u00fcr kommerzielle Zwecke zu verwenden.<\/p>\n<h3><span style=\"color: #ff0000;\">Mietpreise<\/span><\/h3>\n<p>Samstag, Sonntag und Feiertage Fr. 300.00<br \/>\nMontag, Dienstag, Mittwoch, Donnerstag (ohne Feiertage) Fr. 200.00.<br \/>\nFreitags wird der Sch\u00fctzenhauskeller nicht vermietet<\/p>\n<h3><span style=\"color: #ff0000;\">Kontakt und weitere Informationen<\/span><\/h3>\n<p>Dominique Fl\u00fcckiger,&nbsp; Tel. +41 79 945 94 36 oder per<\/p>\n<p>e-mail: vermietung@schuetzen-duggingen.ch<\/p>\n<p>&nbsp;<\/p>\n<p><iframe loading=\"lazy\" src=\"https:\/\/calendar.google.com\/calendar\/embed?height=600&amp;wkst=2&amp;bgcolor=%23a9a89a&amp;ctz=Europe%2FZurich&amp;title=Belegungsplan&amp;showPrint=0&amp;showTz=0&amp;showCalendars=0&amp;src=c2dkdWdnaW5nZW5AZ21haWwuY29t&amp;color=%23039BE5\" style=\"border:solid 1px #777\" width=\"800\" height=\"600\" frameborder=\"0\" scrolling=\"no\"><\/iframe><\/p>\n","protected":false},"excerpt":{"rendered":"<p>Angebot Holz,Geschirr, Strom, K\u00fchlschr\u00e4nke, Backofen, Elektroherd mit 4 Platten, Toiletten-Anlage, Tisch und Bankgarnituren (auch f\u00fcr draussen) sowie Grill (ohne Holzkohle). Beim Sch\u00fctzenhaus sind gen\u00fcgend Parkpl\u00e4tze vorhanden. Beschrieb\/ Infrastruktur Das Sch\u00fctzenhaus Allmend der Sch\u00fctzengesellschaft Duggingen bietet 60 Personen Platz. Strom und <span class=\"excerpt-dots\">&hellip;<\/span> <a class=\"more-link\" href=\"https:\/\/www.schuetzen-duggingen.ch\/index.php\/vermietung\/\"><span class=\"more-msg\">Continue reading &rarr;<\/span><\/a><\/p>\n","protected":false},"author":1,"featured_media":0,"parent":0,"menu_order":0,"comment_status":"closed","ping_status":"closed","template":"","meta":{"footnotes":""},"class_list":["post-61","page","type-page","status-publish","hentry"],"yoast_head":"<!-- This site is optimized with the Yoast SEO plugin v27.4 - https:\/\/yoast.com\/product\/yoast-seo-wordpress\/ -->\n<title>Vermietung - Sch\u00fctzengesellschaft Duggingen<\/title>\n<meta name=\"robots\" content=\"index, follow, max-snippet:-1, max-image-preview:large, max-video-preview:-1\" \/>\n<link rel=\"canonical\" href=\"https:\/\/www.schuetzen-duggingen.ch\/index.php\/vermietung\/\" \/>\n<meta property=\"og:locale\" content=\"de_DE\" \/>\n<meta property=\"og:type\" content=\"article\" \/>\n<meta property=\"og:title\" content=\"Vermietung - Sch\u00fctzengesellschaft Duggingen\" \/>\n<meta property=\"og:description\" content=\"Angebot Holz,Geschirr, Strom, K\u00fchlschr\u00e4nke, Backofen, Elektroherd mit 4 Platten, Toiletten-Anlage, Tisch und Bankgarnituren (auch f\u00fcr draussen) sowie Grill (ohne Holzkohle). Beim Sch\u00fctzenhaus sind gen\u00fcgend Parkpl\u00e4tze vorhanden. Beschrieb\/ Infrastruktur Das Sch\u00fctzenhaus Allmend der Sch\u00fctzengesellschaft Duggingen bietet 60 Personen Platz. Strom und &hellip; Continue reading &rarr;\" \/>\n<meta property=\"og:url\" content=\"https:\/\/www.schuetzen-duggingen.ch\/index.php\/vermietung\/\" \/>\n<meta property=\"og:site_name\" content=\"Sch\u00fctzengesellschaft Duggingen\" \/>\n<meta property=\"article:modified_time\" content=\"2022-04-08T10:51:18+00:00\" \/>\n<meta property=\"og:image\" content=\"https:\/\/www.schuetzen-duggingen.ch\/wp-content\/uploads\/2016\/02\/P1030539-150x150.jpg\" \/>\n<meta name=\"twitter:card\" content=\"summary_large_image\" \/>\n<meta name=\"twitter:label1\" content=\"Gesch\u00e4tzte Lesezeit\" \/>\n\t<meta name=\"twitter:data1\" content=\"1\u00a0Minute\" \/>\n<script type=\"application\/ld+json\" class=\"yoast-schema-graph\">{\"@context\":\"https:\\\/\\\/schema.org\",\"@graph\":[{\"@type\":\"WebPage\",\"@id\":\"https:\\\/\\\/www.schuetzen-duggingen.ch\\\/index.php\\\/vermietung\\\/\",\"url\":\"https:\\\/\\\/www.schuetzen-duggingen.ch\\\/index.php\\\/vermietung\\\/\",\"name\":\"Vermietung - Sch\u00fctzengesellschaft Duggingen\",\"isPartOf\":{\"@id\":\"https:\\\/\\\/www.schuetzen-duggingen.ch\\\/#website\"},\"datePublished\":\"2016-02-26T17:15:52+00:00\",\"dateModified\":\"2022-04-08T10:51:18+00:00\",\"breadcrumb\":{\"@id\":\"https:\\\/\\\/www.schuetzen-duggingen.ch\\\/index.php\\\/vermietung\\\/#breadcrumb\"},\"inLanguage\":\"de-CH\",\"potentialAction\":[{\"@type\":\"ReadAction\",\"target\":[\"https:\\\/\\\/www.schuetzen-duggingen.ch\\\/index.php\\\/vermietung\\\/\"]}]},{\"@type\":\"BreadcrumbList\",\"@id\":\"https:\\\/\\\/www.schuetzen-duggingen.ch\\\/index.php\\\/vermietung\\\/#breadcrumb\",\"itemListElement\":[{\"@type\":\"ListItem\",\"position\":1,\"name\":\"Startseite\",\"item\":\"https:\\\/\\\/www.schuetzen-duggingen.ch\\\/\"},{\"@type\":\"ListItem\",\"position\":2,\"name\":\"Vermietung\"}]},{\"@type\":\"WebSite\",\"@id\":\"https:\\\/\\\/www.schuetzen-duggingen.ch\\\/#website\",\"url\":\"https:\\\/\\\/www.schuetzen-duggingen.ch\\\/\",\"name\":\"Sch\u00fctzengesellschaft Duggingen\",\"description\":\"\",\"publisher\":{\"@id\":\"https:\\\/\\\/www.schuetzen-duggingen.ch\\\/#organization\"},\"alternateName\":\"Sch\u00fctzengesellschaft Duggingen\",\"potentialAction\":[{\"@type\":\"SearchAction\",\"target\":{\"@type\":\"EntryPoint\",\"urlTemplate\":\"https:\\\/\\\/www.schuetzen-duggingen.ch\\\/?s={search_term_string}\"},\"query-input\":{\"@type\":\"PropertyValueSpecification\",\"valueRequired\":true,\"valueName\":\"search_term_string\"}}],\"inLanguage\":\"de-CH\"},{\"@type\":\"Organization\",\"@id\":\"https:\\\/\\\/www.schuetzen-duggingen.ch\\\/#organization\",\"name\":\"Sch\u00fctzengesellschaft Duggingen\",\"alternateName\":\"SGD\",\"url\":\"https:\\\/\\\/www.schuetzen-duggingen.ch\\\/\",\"logo\":{\"@type\":\"ImageObject\",\"inLanguage\":\"de-CH\",\"@id\":\"https:\\\/\\\/www.schuetzen-duggingen.ch\\\/#\\\/schema\\\/logo\\\/image\\\/\",\"url\":\"https:\\\/\\\/www.schuetzen-duggingen.ch\\\/wp-content\\\/uploads\\\/2016\\\/04\\\/LogoSGD.jpg\",\"contentUrl\":\"https:\\\/\\\/www.schuetzen-duggingen.ch\\\/wp-content\\\/uploads\\\/2016\\\/04\\\/LogoSGD.jpg\",\"width\":259,\"height\":259,\"caption\":\"Sch\u00fctzengesellschaft Duggingen\"},\"image\":{\"@id\":\"https:\\\/\\\/www.schuetzen-duggingen.ch\\\/#\\\/schema\\\/logo\\\/image\\\/\"}}]}<\/script>\n<!-- \/ Yoast SEO plugin. -->","yoast_head_json":{"title":"Vermietung - Sch\u00fctzengesellschaft Duggingen","robots":{"index":"index","follow":"follow","max-snippet":"max-snippet:-1","max-image-preview":"max-image-preview:large","max-video-preview":"max-video-preview:-1"},"canonical":"https:\/\/www.schuetzen-duggingen.ch\/index.php\/vermietung\/","og_locale":"de_DE","og_type":"article","og_title":"Vermietung - Sch\u00fctzengesellschaft Duggingen","og_description":"Angebot Holz,Geschirr, Strom, K\u00fchlschr\u00e4nke, Backofen, Elektroherd mit 4 Platten, Toiletten-Anlage, Tisch und Bankgarnituren (auch f\u00fcr draussen) sowie Grill (ohne Holzkohle). Beim Sch\u00fctzenhaus sind gen\u00fcgend Parkpl\u00e4tze vorhanden. Beschrieb\/ Infrastruktur Das Sch\u00fctzenhaus Allmend der Sch\u00fctzengesellschaft Duggingen bietet 60 Personen Platz. Strom und &hellip; Continue reading &rarr;","og_url":"https:\/\/www.schuetzen-duggingen.ch\/index.php\/vermietung\/","og_site_name":"Sch\u00fctzengesellschaft Duggingen","article_modified_time":"2022-04-08T10:51:18+00:00","og_image":[{"url":"https:\/\/www.schuetzen-duggingen.ch\/wp-content\/uploads\/2016\/02\/P1030539-150x150.jpg","type":"","width":"","height":""}],"twitter_card":"summary_large_image","twitter_misc":{"Gesch\u00e4tzte Lesezeit":"1\u00a0Minute"},"schema":{"@context":"https:\/\/schema.org","@graph":[{"@type":"WebPage","@id":"https:\/\/www.schuetzen-duggingen.ch\/index.php\/vermietung\/","url":"https:\/\/www.schuetzen-duggingen.ch\/index.php\/vermietung\/","name":"Vermietung - Sch\u00fctzengesellschaft Duggingen","isPartOf":{"@id":"https:\/\/www.schuetzen-duggingen.ch\/#website"},"datePublished":"2016-02-26T17:15:52+00:00","dateModified":"2022-04-08T10:51:18+00:00","breadcrumb":{"@id":"https:\/\/www.schuetzen-duggingen.ch\/index.php\/vermietung\/#breadcrumb"},"inLanguage":"de-CH","potentialAction":[{"@type":"ReadAction","target":["https:\/\/www.schuetzen-duggingen.ch\/index.php\/vermietung\/"]}]},{"@type":"BreadcrumbList","@id":"https:\/\/www.schuetzen-duggingen.ch\/index.php\/vermietung\/#breadcrumb","itemListElement":[{"@type":"ListItem","position":1,"name":"Startseite","item":"https:\/\/www.schuetzen-duggingen.ch\/"},{"@type":"ListItem","position":2,"name":"Vermietung"}]},{"@type":"WebSite","@id":"https:\/\/www.schuetzen-duggingen.ch\/#website","url":"https:\/\/www.schuetzen-duggingen.ch\/","name":"Sch\u00fctzengesellschaft Duggingen","description":"","publisher":{"@id":"https:\/\/www.schuetzen-duggingen.ch\/#organization"},"alternateName":"Sch\u00fctzengesellschaft Duggingen","potentialAction":[{"@type":"SearchAction","target":{"@type":"EntryPoint","urlTemplate":"https:\/\/www.schuetzen-duggingen.ch\/?s={search_term_string}"},"query-input":{"@type":"PropertyValueSpecification","valueRequired":true,"valueName":"search_term_string"}}],"inLanguage":"de-CH"},{"@type":"Organization","@id":"https:\/\/www.schuetzen-duggingen.ch\/#organization","name":"Sch\u00fctzengesellschaft Duggingen","alternateName":"SGD","url":"https:\/\/www.schuetzen-duggingen.ch\/","logo":{"@type":"ImageObject","inLanguage":"de-CH","@id":"https:\/\/www.schuetzen-duggingen.ch\/#\/schema\/logo\/image\/","url":"https:\/\/www.schuetzen-duggingen.ch\/wp-content\/uploads\/2016\/04\/LogoSGD.jpg","contentUrl":"https:\/\/www.schuetzen-duggingen.ch\/wp-content\/uploads\/2016\/04\/LogoSGD.jpg","width":259,"height":259,"caption":"Sch\u00fctzengesellschaft Duggingen"},"image":{"@id":"https:\/\/www.schuetzen-duggingen.ch\/#\/schema\/logo\/image\/"}}]}},"_links":{"self":[{"href":"https:\/\/www.schuetzen-duggingen.ch\/index.php\/wp-json\/wp\/v2\/pages\/61","targetHints":{"allow":["GET"]}}],"collection":[{"href":"https:\/\/www.schuetzen-duggingen.ch\/index.php\/wp-json\/wp\/v2\/pages"}],"about":[{"href":"https:\/\/www.schuetzen-duggingen.ch\/index.php\/wp-json\/wp\/v2\/types\/page"}],"author":[{"embeddable":true,"href":"https:\/\/www.schuetzen-duggingen.ch\/index.php\/wp-json\/wp\/v2\/users\/1"}],"replies":[{"embeddable":true,"href":"https:\/\/www.schuetzen-duggingen.ch\/index.php\/wp-json\/wp\/v2\/comments?post=61"}],"version-history":[{"count":22,"href":"https:\/\/www.schuetzen-duggingen.ch\/index.php\/wp-json\/wp\/v2\/pages\/61\/revisions"}],"predecessor-version":[{"id":845,"href":"https:\/\/www.schuetzen-duggingen.ch\/index.php\/wp-json\/wp\/v2\/pages\/61\/revisions\/845"}],"wp:attachment":[{"href":"https:\/\/www.schuetzen-duggingen.ch\/index.php\/wp-json\/wp\/v2\/media?parent=61"}],"curies":[{"name":"wp","href":"https:\/\/api.w.org\/{rel}","templated":true}]}}